. Calculate the greatest common factor of 450 and n.
50
Let x(h) = 2*h**3 - 6*h**2 - 12*h - 6. Let v be x(9). What is the highest common divisor of v and 52?
26
Suppose -3*o + 12 = o, 4*f = 2*o + 2. Suppose 7*x - 25 = f*x. Suppose 3*h + x*t - 44 = 0, -27 = -4*h - 5*t + 25. What is the highest common divisor of 8 and h?
8
Let o be (-7)/(2/(-48)*1). Let r(m) = 115*m - 2. Let v be r(-1). Let i = v + o. Calculate the greatest common factor of i and 34.
17
Let f be -6088*9/(-360) + (-1)/5. Calculate the greatest common divisor of f and 38.
38
Suppose 5*m - 15 = -5*i, -4*m + 4*i + 6 = -5*m. Let b = -17 - -47. Calculate the greatest common factor of m and b.
6
Let y(t) = -t**3 + 5*t - 13. Let u = -30 + 26. Let d be y(u). What is the highest common factor of 124 and d?
31
Suppose -5*g - 4*z = -68, g + 2*z = 7*z + 31. Let q = g - 18. Let h be (-5)/q*84/3. Calculate the greatest common divisor of 14 and h.
14
Let d = -29 + 113. Suppose -4*r + 2*g + 1 = -79, -5*g = 2*r - 52. Calculate the highest common factor of r and d.
21
Let l = 6 - 4. Suppose -h - 5*m - 37 = -m, -5*h - 140 = 5*m. Let q be ((-32)/(-80))/((-1)/h). Calculate the highest common divisor of l and q.
2
Let r(p) = -p**3 + 3*p**2 + 7*p - 6. Suppose -3*m + 8 + 4 = 0. Let x be r(m). Suppose x*k = k + 70. Calculate the highest common factor of k and 35.
7
Let k = 92 - 62. Calculate the greatest common divisor of k and 30.
30
Let d(f) = 5*f**2 - f - 407. Let v be d(-23). Calculate the greatest common factor of v and 119.
119
Suppose u = d - 36, -3*u + 143 = 4*d - 6*u. Suppose -d*o + 34*o = -57. Calculate the highest common divisor of o and 38.
19
Let o = -5 - -10. Let v(n) = n**2 - 3*n - 7. Let s be v(o). Suppose 4*h = s*j - 0*j + 252, 3*h - 5*j = 189. Calculate the greatest common divisor of h and 9.
9
Let k = -220 + 227. What is the greatest common divisor of k and 126?
7
Suppose -247*v + 128 = -239*v. Suppose -s = 4*s - 880. What is the highest common divisor of v and s?
16
Let l = -2683 - -2703. What is the greatest common divisor of 12 and l?
4
Let w = 3476 + -1412. Calculate the highest common divisor of w and 48.
48
Let x = -177 + 236. Suppose -54 = x*b - 65*b. What is the greatest common factor of b and 81?
9
Let h(n) = -24*n - 36. Let y be h(-9). Let t be 1 - 4 - 39*-1. Calculate the greatest common factor of t and y.
36
Let w(v) be the second derivative of 6*v + 14*v**2 - 1/3*v**3 + 0. Let a be w(13). Calculate the highest common factor of 18 and a.
2
Suppose -3*r - 15 + 27 = 0, 0 = 4*q + 3*r - 132. Let v(h) = -h + 6. Let k = -15 + 15. Let b be v(k). What is the greatest common divisor of q and b?
6
Let n(c) be the first derivative of 1/3*c**3 + 9/2*c**2 + 9 + 10*c. Let y be n(-8). What is the greatest common divisor of y and 16?
2
Suppose -2*h - 21 = -5*a, 2*a = a + 3. Let k(o) = -4*o**3 + o**2 + 3*o + 2. Let r be k(h). Calculate the greatest common divisor of r and 10.
10
Suppose 35 + 7 = 7*p. Suppose p*t - 88 = -22. Suppose 6 = c + 3*d, -4*c + t + 26 = -d. Calculate the highest common divisor of c and 63.
9
Suppose -162 + 738 = 3*i. Calculate the greatest common factor of 12 and i.
12
Suppose -3*s - 3 = -9. Let q be s/2 - 175/(-5). Let v be (-98)/(-8) + 3/(-12). What is the highest common divisor of q and v?
12
Suppose -4*c + 25 = c - 5*g, 0 = -c + 4*g + 11. Suppose c = -4*s + 115. Suppose -2903 = -19*o - 243. What is the highest common factor of o and s?
28
Suppose -l + 360 = 3*l. What is the highest common divisor of l and 150?
30
Let v(q) = 2*q**2 - 110*q + 14. Let d be v(55). What is the highest common factor of d and 112?
14
Let y be (-1)/(-1*1/6). Let n be 16/36*69*(-2 + 5). Let g = n - 89. What is the highest common factor of y and g?
3
Suppose -2*d + 9 + 11 = 0. Suppose d*k - 4*k = 90. Let y = -9 + 19. What is the highest common factor of k and y?
5
Suppose 0 = 4*u - n - 211, 2*u - 3*n = 7*u - 285. What is the highest common divisor of 26 and u?
2
Let j be -1 + 33/44*(0 + 4). Calculate the highest common factor of j and 380.
2
Suppose -5*n + 2*y = 156, -5*n + y + 0*y - 153 = 0. Let q = -3 - n. Calculate the greatest common factor of q and 243.
27
Suppose -146 = a - 171. Calculate the highest common factor of 40 and a.
5
Suppose -4*t + 8 = -5*v - 17, 5*t = -4*v + 62. What is the highest common factor of t and 230?
10
Let m = 32 - 4. Suppose 5*s - 164 - 116 = 0. Suppose -4*q - 2*p + s + 118 = 0, 2*p = 6. What is the greatest common divisor of m and q?
14
Suppose -4 = -3*w + 2. Suppose -s + 2*t + 0 = -2, w*t = -2*s - 2. Suppose 4*v + v - 420 = s. What is the greatest common divisor of v and 12?
12
Suppose -12*w + 40 = -8*w. What is the greatest common factor of 145 and w?
5
Suppose -6*h + 925 = -h. Suppose -t - 4*n - 90 = -3*t, -5*t + 2*n + h = 0. Suppose -c + t = -35. Calculate the highest common factor of 10 and c.
10
Let q = -14 + 19. Suppose -41 = -2*k - 3*t + 2*t, -q*k = -4*t - 96. What is the greatest common factor of k and 8?
4
Let h be (3/2)/((2 + -1)/96). Suppose 4*g + 0*c = 3*c + 64, 48 = 3*g + c. What is the greatest common divisor of h and g?
16
Let y(n) = -14*n - 2. Let l(p) = 2*p + 2. Let h be l(2). Suppose -h + 1 = 5*f. Let c be y(f). Calculate the highest common divisor of 24 and c.
12
Suppose 5*s - 3*i = 665, s - i - 133 = 3*i. Let j = -93 + s. Calculate the highest common factor of 60 and j.
20
Let z(o) be the second derivative of -13*o**3/6 - 18*o**2 + 19*o. Let i be z(-6). Calculate the highest common factor of i and 6.
6
Let z = 7 - 2. Suppose 0*y - 4 = -2*y. Suppose y*p - 5*a = 7, 2*p - 3 = -0*a + a. What is the highest common divisor of p and z?
1
Let v(h) = h**3 + 7*h**2 - h - 5. Let w be v(-3). Let i be ((-4)/(-6))/((-1)/(-459)). Calculate the highest common factor of i and w.
34
Let q(l) = 3*l + 12. Let k be q(2). Suppose 22*m - k = 21*m. What is the highest common divisor of 3 and m?
3
Let s be (36/(-16))/((-6)/(-112)). Let n = s + 55. Calculate the highest common factor of 117 and n.
13
Suppose -8 = c + 3*c. Let l(y) = -y + 2. Let s be l(c). Suppose s*r - r - 378 = 0. Calculate the highest common divisor of 14 and r.
14
Let u(z) = -z**2 - 35*z - 124. Let g be u(-10). Let r = -33 + 47. What is the highest common factor of g and r?
14
Suppose -17*x + 161 = -621. Let k = 38 - 15. What is the greatest common divisor of k and x?
23
Let j(v) = -v**2 - v + 55. Let c be j(0). Let r be 5/(7 + 0 - (-9890)/(-1419)). Calculate the greatest common divisor of r and c.
55
Let d be (-38 - -5)*(-1)/(-1). Let g = d + 57. Calculate the highest common factor of g and 6.
6
Let a(f) = 3*f**3 - 3*f**2 + 2. Let o be a(1). Let u be (11 + 129)*o/4. Calculate the highest common divisor of 28 and u.
14
Let f be 3/((-1)/4*24/(-138)). Calculate the greatest common divisor of f and 9.
3
Suppose 18 - 6 = -2*w. Let l be (-1323)/36*16/w. Let p = 31 + -17. Calculate the greatest common divisor of p and l.
14
Suppose -45*f + 47*f - 24 = 0. What is the greatest common factor of 66 and f?
6
Let a(r) = -10*r - 16. Let j be a(-8). Let v = 32 - 28. What is the greatest common factor of v and j?
4
Let o(b) = -b**3 + 6*b**2 + 57*b - 18. Let w be o(11). Calculate the greatest common factor of 628 and w.
4
Suppose 3*d = a + 61, d - 3*a = 5*d - 77. Suppose -2*l + d = 3*l. Suppose -104 = -l*k + c - 5*c, -k + 26 = 5*c. What is the greatest common factor of 78 and k?
26
Let m be ((-15)/(-20))/((-1)/(-156)). Let h = -53 - 16. Let s be 299/h*(1 + -4). Calculate the highest common divisor of m and s.
13
Let f be ((-64)/(-80))/(1/5). What is the greatest common divisor of 11 and f?
1
Suppose -2*k - 4*d + 2*d + 6 = 0, 2*k + 3*d = 8. Let b = 39 - 26. What is the greatest common divisor of k and b?
1
Let o = 22 - 20. Suppose -75 = -o*t + 5. Calculate the greatest common factor of 60 and t.
20
Let y(g) = 5*g**2 + 25*g - 45. Let v be y(18). Calculate the greatest common divisor of 25 and v.
25
Let q be (-12)/36 - 32/(-6). Suppose -84 = -4*d - 4*w, -2*d + q*w = -66 - 11. What is the greatest common factor of 26 and d?
26
Let h = 726 + -198. What is the greatest common factor of 33 and h?
33
Suppose -75*o - 125 = -100*o. Calculate the greatest common divisor of o and 1305.
5
Let o(j) = 13*j**2 - 2*j + 3. Let k be o(2). Suppose -7*v + 3*v - z + 71 = 0, -4*v = 5*z - 83. Calculate the highest common divisor